ppose 3*f - 5*t + 8 = 0, -2*f + 3*f - 3*t + 8 = 0. Let i(m) = m - 1. Let h(a) = -a**2 - 3. Let w(l) = f*i(l) - h(l). Give w(-5).
4
Let q = 134 + -88. Let v = q + -42. Let m(r) = 9*r**2 + r**3 + 1 + r**2 + 8 + 11*r + v. Determine m(-9).
-5
Suppose 5*g - 3*g = 8. Let c(f) be the second derivative of f**3/6 - f**2/2 - 565*f. Calculate c(g).
3
Suppose 0 = -20*q + 11*q + 9. Let y(k) = 29*k + q - 20*k - k - 1. Determine y(2).
16
Let n(s) be the first derivative of -s**3/3 - 2*s**2 - 2*s - 2472. Let r(i) = i**2 - 6*i + 1. Let j be r(5). Calculate n(j).
-2
Suppose -4*r - 4 = 4*p, 5 = 2*p - 5*r - 0. Suppose 9*v + 1266 + 102 = p. Let g be (v/(-95))/((-1)/5). Let t(f) = 2*f - 2. Determine t(g).
-18
Let n = 16 - 10. Let t(h) = h**2 + 1. Let c(i) = 5*i**2 + 5*i + 12. Let l = -333 - -332. Let y(u) = l*c(u) + n*t(u). Give y(6).
0
Let b be (-45)/(-18)*8*(-3)/(-30). Suppose 2*c + g = -b*g, -5*g = 0. Let a(i) be the third derivative of -i**5/60 + i**3/3 - 2*i**2. What is a(c)?
2
Let r(z) = -5*z - 25. Suppose -3*h + 30*i = 34*i + 8, -h - 3*i - 1 = 0. Determine r(h).
-5
Let o(t) = t**2 + 5*t - 92. Let f(n) = -2*n**2 - 4*n + 109. Let u(a) = -4*f(a) - 5*o(a). What is u(4)?
36
Let g(h) be the second derivative of 4*h + 7/2*h**2 + 1/20*h**5 + 1/6*h**4 + 0 - 1/6*h**3. Let l be g(-3). Let i(k) = -15*k**3 - k. What is i(l)?
-16
Let d(w) be the second derivative of -2*w**3/3 + 3*w**2/2 + 3007*w. Suppose -6 = -6*y + 8*y. What is d(y)?
15
Let n(z) = -z**3 + 5*z**2 - z + 5. Suppose 0 = -3*g - 3*v + 246 - 237, 5*v + 10 = 0. What is n(g)?
0
Let u(q) be the second derivative of 1/12*q**4 + 3*q - 1/120*q**5 + 0*q**2 + 0 + 19/6*q**3. Let b(a) be the second derivative of u(a). Give b(7).
-5
Let z(t) = -t**3 + 15*t**2 + 35*t - 21. Suppose 906 = s - 887 + 1776. Determine z(s).
-4
Let f be -31 - (-9 + -17 + 0). Let o(s) = s**3 + 8*s**2 + 3*s - 10. What is o(f)?
50
Let y be (-2)/(-11) + (-455)/143. Let w(j) = 3*j**2 - 3*j - 3. Let d(h) = -h**2 + 1. Let l(o) = -2*d(o) - w(o). What is l(y)?
-17
Let u(i) be the second derivative of 0 - 1/20*i**5 + 5*i**2 + 13/12*i**4 - 1/6*i**3 + 15*i. Let o be u(13). Let f(k) = k**2 + 4*k + 4. Calculate f(o).
1
Let m(j) = 2*j**3 + 36*j**2 - 35*j + 57. Let s(f) = 29*f**2 - 234*f - 3. Let i be s(8). What is m(i)?
0
Let v(q) = 50*q - 26. Let n be v(4). Let g = 165 - n. Let k(f) = 3*f + 10. Give k(g).
-17
Let p be (6 - (-4 + 4)) + (-9)/(-18)*-32. Let r(f) = -2*f**2 - 7 + 4*f**2 + 9*f - f**2. What is r(p)?
3
Let z = -38 + 10. Let k = z - -33. Let t(r) = 2 - 5 - r + k - 3. Calculate t(1).
-2
Let s = 8 - 12. Let t(y) be the second derivative of y**4/12 + y**3/3 + y**2/2 + 25*y - 3. Let k be t(s). Let g(u) = u**3 - 10*u**2 + 8*u + 5. Calculate g(k).
-4
Let y = -519 - -534. Suppose -2*z + 5*z - 3*k = y, -4*z + 35 = -k. Let q(s) = s**3 - 9*s**2 - 9*s - 7. What is q(z)?
3
Let f be 5/(-1)*(-30)/25. Let t be 16/f*45/20. Let m(d) be the first derivative of d**4/4 - 7*d**3/3 + 7*d**2/2 + 36. Calculate m(t).
6
Let z(k) = -32*k**3 - 48*k**2 + 6*k - 122. Let t(b) = 23*b**3 + 32*b**2 - 4*b + 81. Let y(x) = -7*t(x) - 5*z(x). Determine y(16).
11
Let w(a) = -9*a**2 - 7*a - 8. Let d(r) = -13*r**2 - 9*r - 9. Let o(b) = 2*d(b) - 3*w(b). Calculate o(-2).
4
Let u(h) = -10*h**3 + 3*h**2 + 2*h - 4. Let f(z) = -z**3 - z**2 + 1. Let q(v) = 3*f(v) + u(v). What is q(1)?
-12
Let o(i) = 21*i**2 - 11*i - 41. Let k(m) = -5*m**2 + m + 3. Let g(r) = 4*k(r) + o(r). Calculate g(13).
49
Let g(w) = -22*w**3 - 7*w**2 + 36*w + 21. Let b(x) = 17*x**3 + 5*x**2 - 27*x - 17. Let i(d) = -9*b(d) - 7*g(d). Determine i(-5).
26
Let i(l) = 39*l**2 - 86*l**2 + 39*l**2 - 2 - 17 - 10*l + 7*l**2. Determine i(-7).
2
Suppose -3*c + 371 = -3*g + c, -5*g + 5*c - 620 = 0. Let u = g + 126. Let j(w) = 4*w**2. Let h(q) = -5*q**2. Let v(i) = 6*h(i) + 5*j(i). Determine v(u).
-10
Let c = 466 - 463. Let u be ((-2)/(-5 + c))/(6/18). Let f(i) = -i**3 + 3*i**2 - 5*i + 3. Calculate f(u).
-12
Suppose -2*h + 284 - 254 = 0. Let c(m) = -h*m + 1 - 23*m + 12*m - 2*m. Give c(-1).
29
Let r(o) be the third derivative of -23*o**4/24 - 9*o**3 - 25*o**2 + 3*o + 11. Calculate r(-3).
15
Let y be (-118)/10 - 724/(-905). Let g(t) = 17*t + 173. Determine g(y).
-14
Let l(b) = -b**3 - 7*b**2 + 5. Let a(r) = -19*r - 45. Let s be 1 + -2 - (12 - 11). Let d be a(s). Give l(d).
5
Let x(q) = q**3 + q**2 - q - 3. Let m(y) = y**3 - 8*y**2 - 10*y + 9. Let i be -4 - (-18 - (-6 + 3)). Let s be i + 2 - 4/1. Let o be m(s). Determine x(o).
-3
Let w be 2*(-8)/(-10) + (-108)/(-270). Let t(x) = 5 - 20 + 19 - w*x. Determine t(-6).
16
Let s(g) = -g**3 + g**2 - 2*g + 1. Let w be s(2). Let n(q) = -59*q**2 + 54*q - 16. Let u(x) = -49*x**2 + 46*x - 15. Let m(r) = 5*n(r) - 6*u(r). Calculate m(w).
3
Let t be (-13)/52 + 138/8. Let r = 384 + -368. Let i = r - t. Let k(c) = -10*c + 1. Determine k(i).
11
Let g(v) = 3*v**3 + 10*v**2 + 3*v + 1. Let y be g(-3). Let r(a) = -12*a**3 + 2*a**2 + a - 1. Determine r(y).
-10
Let u = -7435 - -7437. Let l(b) = b**3 + 3*b - 3. Give l(u).
11
Let v(z) = -3*z**2 + 2*z - 4. Let t(o) = 35*o + 460. Let y be t(-13). Determine v(y).
-69
Let n = 94 - 91. Suppose 0 = -5*u - q - n*q - 12, 2 = q. Let m be 1 - 2 - (-2)/(-1) - u. Let j(d) = 4*d**3 - 2*d**2 + 2*d - 1. Calculate j(m).
3
Suppose -2*x = 0, -2*x = -j - 7*x + 16. Suppose 3*h - 19*h = j. Let y(g) = -8*g. Give y(h).
8
Suppose 3 = 3*k - 3*w, -4*w = -4*k - 3*w + 1. Suppose 14 = -k*h + 7*h. Let g(t) = -17*t + 3 + 562*t**2 + 10 + 5*t - 561*t**h. Give g(10).
-7
Let m be ((-9)/40)/((-12)/20) + (-78)/208. Let c(u) = -u**2 - 7*u - 58. What is c(m)?
-58
Suppose 15 = 5*t, 2*v = -2*t + 4 + 6. Let r(w) = 8*w + 4*w**2 + 13*w**v + 5*w**2 - 20*w**2 + 7. Give r(-5).
17
Let u = 318 - 324. Let t(i) = -7*i - 1. Let f(g) = g. Let h(n) = -6*f(n) - t(n). Determine h(u).
-5
Let v = -27 + 22. Let l(g) = 4*g**2 - 17*g**3 - 215249*g + 18*g**3 + 215245*g + 11. Calculate l(v).
6
Let s(i) be the second derivative of -i**4/6 - i**3/3 + 11*i**2 + 15*i + 2. Let q(b) be the first derivative of s(b). Determine q(-3).
10
Let d(z) = 3*z + z + 3 - z - 4*z. Let c be d(-1). Let m(v) = -2*v + c*v + 2*v**2 + v + 2*v**2 + 3. What is m(-2)?
13
Let z(f) be the third derivative of f**5/60 - f**4/6 - 7*f**3/2 - 3019*f**2. Give z(8).
11
Let j(b) = -b + 2. Let t = 0 - -11. Suppose -t = -4*n - 3. Suppose -3*y + 25 = n*y. Give j(y).
-3
Let l(z) = -2*z**2 - 8*z + 6. Let k = -346 + 354. Suppose -3*t - 19 = -6*y + k*y, 2*t + 5*y = -9. Determine l(t).
-36
Suppose -11*k + 381 = -499. Let m(o) = -3*o**2 - k*o + 1 + 83*o + 4*o**2. Determine m(-4).
5
Let f(m) = 228 - 462 - m**2 + 10*m + 233. Let t be ((-18)/(-21))/(-7 - (-350)/49). What is f(t)?
23
Let a = -56 - -80. Let b = -22 + a. Let s(n) = -4*n + 2*n - 5 + 0*n - 1 + 7. Give s(b).
-3
Let w(u) be the second derivative of u**6/240 + u**5/120 - 65*u**4/4 - 45*u. Let v(k) be the third derivative of w(k). What is v(-1)?
-2
Let y(t) = -t**3 + 11*t**2 + 67*t - 777. Let g be y(10). Let d(k) = 8*k + 18. Determine d(g).
-38
Let a(b) be the first derivative of -b**3/3 + 24*b**2 + 267*b - 4817. Determine a(53).
2
Let s(l) be the second derivative of -7*l**3/3 - 35*l**2 + 607*l - 1. Calculate s(-5).
0
Let j(k) = -96368*k**2 - 14*k + 96370*k**2 - 7 - 1. Determine j(7).
-8
Let p(z) = 23*z - 160. Let i(k) = 4*k - 31. Let h(r) = -17*i(r) + 3*p(r). Calculate h(-5).
42
Let d(j) be the third derivative of -j**4/12 - 7*j**3/6 + 3*j**2. Let k = 315 - 320. Let f be (-1)/k - (-36)/(-5). Determine d(f).
7
Let l be (805/(-15))/(1/3). Let s = -111 - l. Suppose c - 3*m + 8 = 0, -3*c - 2*c - 3*m = -s. Let x(f) = f**3 - 8*f**2 + 6*f + 8. Give x(c).
1
Let s = -23145 - -23142. Let j(v) = -v**3 + 7*v**2 + 30*v - 7. Calculate j(s).
-7
Let g(o) = o**2 - 6*o - 15. Let t = -4798 - -4804. What is g(t)?
-15
Let d = -132 - -132. Suppose 0*l + l - u + 4 = d, 0 = -4*l - 3*u - 16. Let f(t) = t**2 + 6*t + 5. Give f(l).
-3
Let t = 356 - 324. Let v = t + -34. Let r(g) = -g**3 - 4*g**2 - 2*g + 2. What is r(v)?
-2
Let q(v) = 94*v**3 - 62*v**3 + 34*v**3 - 67*v**3 + 7 - 3*v**2 + 11*v. Determine q(-5).
2
Let m(v) = -12*v + 24*v - 10 - 11*v. Let f be m(10). Let d(l) = l**2 + l - 7. Determine d(f).
-7
Let c(r) = 7*r + 171. Let w be c(-22). Suppose w*u + 14 = 19*u. Let m(l) = l**2 - 3*l - 8. Calculate m(u).
20
Let b(d) = -2*d. Let u(q) = q**